Suppose 4*d - 132 = -s*z, -3*z - 4*d + 76 = -0*z. List the prime factors of z.
2, 7
Suppose 64*l = 20*l + 87252. What are the prime factors of l?
3, 661
Suppose -2*l + 4*p = 64, -138 = 5*l + p - 0*p. List the prime factors of (-4)/(-14) + (-272)/l.
2, 5
Let j(w) = w**3 + 2*w**2 - 4*w - 1. Let n be j(-3). Let x be n/(-2) + 0 + 0. What are the prime factors of 5 - -1*1/x?
2
Suppose 4*j + 4*z = 580, -4*j - z + 577 = -0*j. List the prime factors of j.
2, 3
Suppose -80*s = 2*j - 79*s - 3061, -3*j - 4*s + 4594 = 0. What are the prime factors of j?
2, 3, 5, 17
Let s = -1951 + 2776. List the prime factors of s.
3, 5, 11
Let l = 40 - -80. Suppose -u - 2*r + 3 - 8 = 0, -u + 10 = -r. Suppose d - 48 = -d + u*i, -5*i + l = 5*d. What are the prime factors of d?
2, 3
Suppose 301 = 4*a - 227. List the prime factors of a.
2, 3, 11
Let i be -1 - 2*(-63)/6. Suppose -5*p - 58 + i = n, 4*n + p = -190. Let h = n - -81. List the prime factors of h.
3, 11
Let c = 38 + -31. What are the prime factors of (8 - 6 - 3)/((-1)/c)?
7
Let v(r) = -518*r - 24. What are the prime factors of v(-1)?
2, 13, 19
Suppose 6*y - 3*r = 7*y - 923, -2*r = 4*y - 3692. List the prime factors of y.
13, 71
Suppose -2 = -0*o + 3*o - c, 5*c - 10 = 5*o. Suppose -3*w + w + 118 = o. List the prime factors of w.
59
Suppose 4*t + r - 164 - 196 = 0, 3*r = 2*t - 194. Let k = t - 64. List the prime factors of k.
3
Let p = -2232 - -3896. List the prime factors of p.
2, 13
Let o be (-483)/12 + (-9)/12. Suppose 130 = -3*r + 2*c - 55, 4*r + 5*c + 285 = 0. Let q = o - r. What are the prime factors of q?
2, 3
Let k be 1 + 6/(8/4). Suppose 137 = 5*i - k*v + 2*v, 4*v = 16. What are the prime factors of i?
29
Suppose -365 = -f + 85. Suppose -4*r = -r - f. Suppose 0 = d + 2*d - r. List the prime factors of d.
2, 5
Let m be (-12)/6 - (-9 + 1). Suppose -m = -5*k + 9. Suppose 3*r = 4*q + 29, 4*q = -k*r + 6*q + 19. List the prime factors of r.
3
Suppose -u + 4*f - 7*f = -1246, -2*u + 4*f + 2472 = 0. What are the prime factors of u?
2, 5, 31
Let i(v) = -v**3 - 5*v**2 + v + 7. Let u be i(-5). Suppose -5*l - u*k = -99, -l + 23 = -0*k + 2*k. What are the prime factors of l?
19
Let v be (-2)/11 - (-138)/33. Suppose 2*g = -7*s + 4*s + 36, 3*s - v*g - 36 = 0. Suppose -s = 2*x - 54. List the prime factors of x.
3, 7
Suppose q + 15*r - 10*r - 205 = 0, -5*r + 390 = 2*q. List the prime factors of q.
5, 37
What are the prime factors of ((-2242)/(-76))/((-1*2)/(-48))?
2, 3, 59
Suppose 127 = 7*a + 22. Let t = 22 - a. What are the prime factors of t?
7
Let r(y) = y**3 - 14*y**2 - 25*y - 14. Let c(p) = -p + 25. Let h be c(9). What are the prime factors of r(h)?
2, 7
Let o = 326 + 347. What are the prime factors of o?
673
Suppose 0*a = 3*a - 15. Let h be 3 + (-3 - -69) + -1. Suppose -a*g - h = -383. What are the prime factors of g?
3, 7
Let b be (-12)/36 - 70/(-3). Let t = b + -18. Suppose -t*z = -z - 60. What are the prime factors of z?
3, 5
Suppose 0*a - 3*a - 9 = 0. Let h be 1*(-27 + 3) - a. Let k = 23 + h. List the prime factors of k.
2
Let i be 6 - (4/(-4) - -2). Suppose -i*d + 10 = -5. What are the prime factors of ((-2)/d)/(2/(-51))?
17
List the prime factors of 5/((-7)/(-7)) + 283.
2, 3
Let g = 9 - 9. Suppose a + 33 - 99 = g. Suppose -a - 20 = -4*d - 2*u, -5*d - 4*u + 109 = 0. List the prime factors of d.
3, 7
Let i = -493 - -674. What are the prime factors of i?
181
Let g(w) = -w**2 + 16*w - 10. Let i be g(15). What are the prime factors of 2/5 + 168/i?
2, 17
Let n(i) = 120*i - 95. What are the prime factors of n(10)?
5, 13, 17
Let w(k) = 99*k + 53. List the prime factors of w(5).
2, 137
Let t(s) = -24*s**3 - s**2 - 9*s + 7. What are the prime factors of t(-4)?
3, 521
Let j(r) = -r. Let k(v) = -v**2 + 8*v - 6. Let p(d) = 2*j(d) - k(d). Let i be p(10). Suppose i = n + 3. List the prime factors of n.
3
Let d(u) = -u**3 - 11*u**2 + 8*u + 18. Suppose -3*n + 4*t = 40, 0*n = n + 3*t + 9. List the prime factors of d(n).
2, 3, 11
Let w(f) = 32*f + 628. List the prime factors of w(11).
2, 5, 7
Let j = -165 + 925. What are the prime factors of j?
2, 5, 19
Let d(j) = 2*j**2 + 9*j + 7. Let f be d(-4). Suppose 0 = 3*a + f*a - 54. What are the prime factors of a?
3
Suppose 0 = -i - 3*i, -5*m + 4*i = -1175. Let p = m + -168. What are the prime factors of p?
67
Let p(z) = 42*z + 345. What are the prime factors of p(39)?
3, 661
Let u = 1 + 17. Suppose 19 = 4*g - 1. Suppose -j - g*q = -q - 13, q + u = j. What are the prime factors of j?
17
Let w(p) = p**2 - 9*p - 9. Let g be w(10). Let i be 8 - g/((-3)/(-12)). Let t(v) = v**2 + v. List the prime factors of t(i).
2, 5
Suppose 0 = -14*y + 9129 + 1581. What are the prime factors of y?
3, 5, 17
Let g(u) = 3*u + 28. Let r(k) = -15*k - 141. Let p(s) = -24*g(s) - 5*r(s). What are the prime factors of p(0)?
3, 11
Let g be (-1 - 0)*(4 + -4 - -5). What are the prime factors of (12/2)/(2/(-30)*g)?
2, 3
Let i(y) = -3*y**3 + 2*y**2 - y - 11. Suppose 4*l + 40 = -6*l. What are the prime factors of i(l)?
7, 31
Suppose -4*f + 24 = -f. Suppose 0 = 2*m - f, 2*w = 3*m - 0*m + 40. Suppose 0*c - c + w = 5*x, 0 = -4*c + 4*x + 152. What are the prime factors of c?
2, 3
List the prime factors of (-56)/14*1819/(-4).
17, 107
Let g = -2663 + 2892. Let x = 11 - 7. Suppose -x*i = 45 - g. List the prime factors of i.
2, 23
Let g = 46 - 24. Suppose -s - 5*a + 8 = 36, s - 5*a - g = 0. List the prime factors of 114/(-4)*2/s.
19
Let r(h) = -2*h**2 + 100*h - 113. List the prime factors of r(46).
3, 5, 17
Let a = -8 - -16. Let f = 12 - a. Suppose 0 = -f*o + 62 - 18. What are the prime factors of o?
11
Let d be (-850)/12 + (-2)/12. Let s = d - -85. List the prime factors of s.
2, 7
Let o(f) = -f - 10. Let j(c) = c + 9. Let b(r) = 6*j(r) + 5*o(r). Let z be b(8). Let i(h) = 2*h + 8. List the prime factors of i(z).
2
Let h be 3 - (1 + -1) - -3. Suppose h = -0*t - t. List the prime factors of t/10 - 123/(-5).
2, 3
List the prime factors of 3125 - (-1 + 31)/3.
5, 7, 89
Let u be ((-84)/(-10))/(-1) + (-10)/(-25). Suppose 2*f - 7*f - 10 = r, 5*r = -5*f + 10. What are the prime factors of (-2)/(u/12)*r?
3, 5
Suppose -2*b = -3*q - 954, -2*b + b = q + 323. Let j = q - -520. Suppose 0 = -3*v + j - 2. List the prime factors of v.
2, 3, 11
Suppose 0 = 23*h - 13*h - 4780. What are the prime factors of h?
2, 239
Let f = 2874 - 1111. List the prime factors of f.
41, 43
Let h(u) = -u**2 + 7*u - 6. Let y be h(5). Suppose y*z - 135 - 13 = 0. Suppose 3*c = 5*t - z, 13 = -2*t + 7*t + 3*c. What are the prime factors of t?
5
Let n = 471 - 98. List the prime factors of n.
373
Let m be (-150 + -6)*(2 + 14/(-6)). Suppose 0 = 3*j + 4*b - m, -2*b - 28 = -j - 2*j. List the prime factors of j.
2, 3
Let r(x) = x**3 - 9*x**2 + 7*x + 20. Let h = -123 - -133. What are the prime factors of r(h)?
2, 5, 19
Suppose -14 = -2*p + 12. Let q = 45 + -23. Let d = q - p. List the prime factors of d.
3
List the prime factors of (-132)/(-18)*(-366)/(-4).
11, 61
Let j(z) = 4*z + 77. List the prime factors of j(-16).
13
Suppose 2*o - 3054 = -4*w, -315 = -o + 3*w + 1232. What are the prime factors of o?
5, 307
Let g(s) = s**3 + 2*s + 7. Let i = -15 + 23. Suppose i*b = 13*b - 15. List the prime factors of g(b).
2, 5
Suppose -2 = -3*u - 5. Let o = 4 + u. Suppose -44 + 140 = o*w. List the prime factors of w.
2
Suppose -2*c + 12 = 5*x - 35, -4*c - x = -49. Let k be 6 + 0 - (c + -7). Suppose -103 = -k*g + 2*q + 21, 2*g - q = 121. What are the prime factors of g?
59
Suppose -3*c = 2*c + 4*i - 434, 3*i = c - 83. Suppose -f = -g - c, -3*g - 346 = 4*f - 8*f. What are the prime factors of f?
2, 11
Let v = 0 - -81. Suppose -83*o + 60 = -v*o. List the prime factors of o.
2, 3, 5
Suppose q = -2*p + 392 + 901, -p + 6420 = 5*q. List the prime factors of q.
1283
Let j = -3 + 5. Suppose -s + j*f + 50 = 0, -3*s + 4*s = 3*f + 53. List the prime factors of s.
2, 11
Suppose -2*b = 73 - 5. Let r = b - -93. List the prime factors of r.
59
Let t(f) = 23*f**2 + 16*f - 21. Let i be t(-8). Suppose 10*o - i - 1297 = 0. What are the prime factors of o?
2, 131
Let d(b) = b**3 + 3*b**2 - 3*b + 4. Let x be d(-4). Suppose 4*h - h - 135 = x. Suppose h = 5*s - 20. What are the prime factors of s?
13
Let h = 400 + -282. What are the prime factors of h?
2, 59
Let g = -184 + 345. What are the prime factors of g?